 of x**3/3 - 2*x**2 - 2*x. What is m(n)?
-12
Let m be (2/7 + 42/(-147))/1. Suppose -p + 2*p - 5 = 0. Let w(c) = 2*c - p*c - 2 + 2*c. Give w(m).
-2
Suppose -8*s + 15*s + 28 = 0. Let w(l) = 5*l**2 - 12*l + 11. Let p(h) = -4*h**2 + 11*h - 10. Let a(d) = 7*p(d) + 6*w(d). What is a(s)?
8
Let t be 10/(-16) + 75/(-200). Let j(c) = -54*c**2 - 11*c - 6. Let f(u) = -11*u**2 - 2*u - 1. Let m(y) = 11*f(y) - 2*j(y). Give m(t).
-12
Let x(h) = -h**3 - 2*h**2 + h + 1. Let f = -296 + 297. Give x(f).
-1
Let k(d) be the first derivative of d**2/2 - 16*d + 740. Calculate k(-4).
-20
Let z(s) be the third derivative of 1/12*s**5 + 0 + 4*s**2 - 1/120*s**6 + 1/12*s**4 + 0*s - 7/6*s**3. Determine z(5).
3
Let l(u) = -u**3 + 3*u**2 + 2*u - 3. Suppose -10*r + 10 = -5*r. Suppose 0*s + 2*s - 6 = -4*w, -r*s = w + 3. Determine l(w).
3
Let t = -6 + 9. Let j(f) = f**3 - 8*f**2 + 7*f - 6. Let y(m) = 3*m + 11*m**2 + 6 - m**3 - 6*m**2 + 4*m**2 - 10*m. Let q(a) = t*j(a) + 2*y(a). Calculate q(5).
4
Suppose 3*x = -38 + 149. Let y(d) = 102*d - 37*d - x*d + 4 - 33*d + 5*d**2 - d**3. What is y(5)?
-21
Let x(w) = w**2 + 4*w. Let j = 35 + -83. Let y = j - -42. What is x(y)?
12
Let i(x) = -x**3 + 4*x**2 + 4*x + 4. Let g(w) = -3*w - 12. Let b be g(-5). Let y be 5/(-1*(-1 - 2)/b). Give i(y).
-1
Let q(y) = 7*y + 14. Let v be 147/588 - -9*1/(-4). Give q(v).
0
Let q(v) = -10*v - 1 + 2*v - v + 4*v. Suppose 5*p = 3*y - 61, 0 = -y - 5*p - 13. Suppose o + 4*b = -22, 0 = o - b + 3*b + y. Determine q(o).
9
Let p(n) be the third derivative of -n**5/20 + n**4/8 + 5*n**3/6 + n**2 + 368. Determine p(4).
-31
Suppose 0 = 5*h - i - 0*i - 19, 5*h - 31 = 4*i. Let t(w) = -w + 0*w + 18*w**3 + w**2 - 7*w**h - 2*w**3. Determine t(1).
9
Let b(s) = -s**3 + s**2 - 4*s + 9. Let t(m) = -m**3 + 3*m**2 - 5*m + 9. Let h(n) = -2*b(n) + 3*t(n). Give h(7).
-40
Let y(n) = n**3 - 6*n**2 + 6*n - 8. Let s = 322 + -317. Calculate y(s).
-3
Let j(t) = -t**2 - t - 1. Let m(f) = 6*f + 2. Suppose 10 = -2*i, 3*i = k + 4*i + 6. Let x(u) = k*m(u) + j(u). What is x(-5)?
7
Let r(p) = p**3 - 10*p**2 + 2*p - 14. Let n be r(10). Let b(f) = -f**2 - 12*f + 4*f + 6*f + n*f + 7. Calculate b(6).
-5
Let w(p) = 2*p**3 + 29*p**2 + 13*p - 7. Suppose -9*b - 43 = 83. Calculate w(b).
7
Suppose -18*s - 228 = -12. Let o(p) = -3*p - 34. Calculate o(s).
2
Suppose 2*f - 4*f + 26 = 0. Let z(h) = 7*h - 27. Let d(g) = 3*g - 13. Let m(j) = f*d(j) - 6*z(j). Calculate m(-6).
11
Let k(f) = -4*f - 137. Let v be k(-34). Let l(i) = 36*i - 1. Calculate l(v).
-37
Suppose -h + 15 = 4*h. Suppose h*v = 2*v + 1. Suppose -4 - v = -5*n. Let z(y) = -12*y**2 - y. Calculate z(n).
-13
Let f be 18/8 + 2/(-8). Suppose -4*h - f = 4*p - 34, -h = 3*p - 10. Suppose -3*c + 16 = -h*c. Let z(t) = -t**2 - 3*t + 1. Calculate z(c).
-3
Let c = -24 - -27. Let n(r) = 5*r**2 - 6*r + 5*r - r**3 + c - 3*r**2 + 0. Determine n(3).
-9
Suppose -7 = 2*w - 3*k, 2*k = -5*w + 6*k - 14. Let n(o) = 2*o**3 - 2 + 5 + 3*o - o**2 + 4*o**2. Determine n(w).
-7
Let a(b) = -b**3 + 4*b**2 - 3*b + 2. Suppose -21*c = -69 + 6. Calculate a(c).
2
Let c(m) = -4*m + 2. Let d be c(4). Let q be 220/14 + (-4)/d. Suppose 9 = -2*a - 2*a - x, 3*x = -a - q. Let w(k) = 14*k**2 + k + 1. Give w(a).
14
Let f(l) = l**3 + 21*l**2 + 19*l - 12. Let h be ((-27)/(-18))/(9/(-6)) + -19. Calculate f(h).
8
Let m(w) = 6*w - 2. Suppose 3*r + 2*c - 39 = 0, -12*r - 3*c = -8*r - 53. Let a(v) = 3*v - 1. Let i(u) = r*a(u) - 6*m(u). Calculate i(1).
-2
Let u(c) be the second derivative of c**4/12 - 7*c**3/6 - c**2/2 + 3*c. Suppose 0 = -2*i + i + 5. Suppose 8*y - i*y - 18 = 0. Calculate u(y).
-7
Let n(s) be the third derivative of -s**7/1260 + s**6/720 + s**5/120 - 17*s**4/24 + 6*s**2. Let f(h) be the second derivative of n(h). What is f(-1)?
-2
Let b(c) = -2*c**2 + 3*c + 2. Let g be (-6)/(-4)*(-208)/(-78). Determine b(g).
-18
Let i(h) = 202 - h**2 - 209 + 8*h + 0*h. Give i(6).
5
Let g = 785 - 787. Let r(q) = 5*q - 6. Calculate r(g).
-16
Let o(p) = 2*p + 2. Suppose 18*y - 48 = 6*y. Calculate o(y).
10
Let g(j) be the second derivative of -j**7/140 + j**6/360 - 5*j**3/6 - 6*j. Let s(i) be the second derivative of g(i). What is s(1)?
-5
Let x(s) = -15 + 29 - 14 - 5 + 8*s. Give x(2).
11
Let c(v) = -v**2 - 5*v - 1. Let m(p) = 44*p**2 + 4*p - 4. Let n be m(1). Let z be (5/3)/(-4 - n/(-12)). Give c(z).
-1
Let i(n) = -2*n**3 - n**2 + n + 1. Let c(y) = -3*y**3 + y**2 + 4*y + 4. Let j(o) = -c(o) + 2*i(o). Give j(-3).
4
Let d(x) = x**2 + 4*x - 2. Let k = -215 + 212. Let o(m) = 4. Let b(l) = 11. Let u(r) = 3*b(r) - 8*o(r). Let t(s) = k*u(s) - d(s). What is t(-4)?
-1
Let w(z) = z**3 + 3*z**2 + 2*z + 3. Suppose 4*l = 9*l - 30. Suppose 2*k = 5*k + l. Give w(k).
3
Let r(s) be the third derivative of -s**4/4 - s**3/3 + 7*s**2. Let q(m) = m**2 + 6*m + 6. Let b(l) = 2*l + 12. Let i be b(-8). Let o be q(i). What is r(o)?
10
Let s = -50 - -45. Let y(n) be the third derivative of -n**4/12 - 2*n**3/3 + 3*n**2. Give y(s).
6
Let x(o) be the first derivative of o**4/12 - 3*o**3/2 - 5*o**2/2 - 11*o - 13. Let q(k) be the first derivative of x(k). Determine q(9).
-5
Suppose 2*b + 4*t - 40 = 2*t, 5*b - 109 = 4*t. Let g = 16 - b. Let h(y) = y + 1. What is h(g)?
-4
Let d(j) = 2*j**3 + 6*j**2 - 6*j + 2. Let f be d(-4). Let s(v) = 2*v + 4. Let z(w) = w + 2. Let o(n) = 3*s(n) - 5*z(n). Calculate o(f).
-4
Suppose -106*r = -107*r - 4. Let j(z) = -z**2 + z - 6. Let h(i) = -3*i**2 - 2 - 2*i**2 + 4*i**2 - 4. Let w(n) = 5*h(n) - 4*j(n). Determine w(r).
-6
Let s(k) = -6*k**2 + 46*k - 6. Let y(c) = -5*c**2 + 41*c - 7. Let u(l) = -4*s(l) + 5*y(l). Give u(21).
-11
Let f(l) = -l**2 - 8*l - 16. Let z = 395 + -406. Give f(z).
-49
Let t(d) = -3 + 37*d + d**2 - 6 - 30*d + 4. Calculate t(-5).
-15
Let a(i) = -i**2 + 8*i - 8. Suppose -9*y + 30 + 24 = 0. Calculate a(y).
4
Let d = 2800 + -2806. Let l(f) be the first derivative of f**3/3 + 2*f**2 - 5*f + 1. What is l(d)?
7
Suppose 88 = -178*x + 167*x. Let m(c) = c**2 + 8*c + 5. What is m(x)?
5
Let w = -80 - -81. Let p(t) = -23*t**3 + t - 1. Calculate p(w).
-23
Let m(c) be the third derivative of -c**4/24 + 7*c**3/3 - 40*c**2. Let a(o) = -2*o + 29. Let n(b) = -3*a(b) + 5*m(b). Determine n(7).
-10
Let v(r) = r**2 - 4*r. Let s(b) be the third derivative of -b**4/6 - 5*b**3/6 - 274*b**2. Let z = 6 - 8. Let l be s(z). Determine v(l).
-3
Let f(b) = -b - 3. Suppose 85 = 5*z - 5. Let q = z + -15. Determine f(q).
-6
Let s(v) be the second derivative of v**4/12 - 3*v**3/2 - 9*v**2/2 - 106*v + 1. Calculate s(7).
-23
Let t(r) = r**3 + 9*r**2 + 3*r - 45. Let w be t(-8). Let v(f) = -f**3 - 4*f**2 + f - 7. What is v(w)?
13
Let j(q) = -2*q - 2. Let b be j(-2). Let x be -4*1*b/(-4). Let f(t) = -4 + 7 - 2*t - 2*t. Determine f(x).
-5
Let u(f) be the first derivative of f**3/3 - 2*f**2 + 76. Calculate u(3).
-3
Suppose -5*b - 2*s + 26 = -4*s, 0 = 3*b + 5*s + 3. Let t(d) = 5*d - 2. Give t(b).
18
Let f(p) be the third derivative of p**7/5040 + 2*p**5/3 - 27*p**2. Let z(s) be the third derivative of f(s). Calculate z(4).
4
Let w(x) = 3*x. Suppose 2*z = 8 + 6. Let s(u) = 4*u. Let k(c) = z*w(c) - 5*s(c). Suppose -5*h - 20 = 0, 0 = -2*j + 4*h + 12. Determine k(j).
-2
Let f(y) = 2*y + 1. Let a(q) = 5*q - 3. Let r(t) = a(t) - 3*f(t). Give r(0).
-6
Let n(o) = -247*o + 129*o - 1 + 139*o + 2. Calculate n(1).
22
Let m = 21 + -19. Let a(h) = 10*h**3 + 5 - 4 - 104*h - h**m + 105*h + 2*h**2. Determine a(-1).
-9
Let p = 29 - 25. Let s(f) = 2*f - p*f + 5 - 4*f + f. Give s(5).
-20
Suppose 2*o + 4*o = 36. Suppose -o = b + 1. Let f(i) = -i**2 - 8*i + 4. Calculate f(b).
11
Let u(m) = -16 - 4*m - 5 - 8 + 5 + 1. Calculate u(-6).
1
Let v(l) be the first derivative of l**5/20 + 7*l**4/12 + 7*l**3/6 + 7*l**2/2 - 32*l + 27. Let q(a) be the first derivative of v(a). Determine q(-6).
1
Let p(i) = -i + 4. Let y be p(-2). Suppose 2*l = y*l - 20. Suppose 0 = 6*x - x + l. Let k(u) = 7*u**3 + 1. Calculate k(x).
-6
Let d(p) = p**3 + 5*p**2 + 4*p + 4. Let v be d(-4). Let t(l) = 9*l + 0*l**3 - l**3 + 5 - 10*l. Let h(w) = -w**2. Let j(y) = 4*h(y) - t(y). Calculate j(v).
-1
Let h(z) = -2*z - 7*z**2 - 1 - 3*z - z**3 + z**2 + 5. Let g = -55 + 50. Determine h(g).
4
Suppose 43 = 7*k - 2*k - c, -3*c = -6. Let y be (-16)/12*k/(-6). Suppose 2*w + 5*d = -25, 0 = w - d + y*d + 8. Let o(l) = -l**2 - 3*l + 4. Calculate o(